is the highest common factor of 14 and x?
14
Suppose 62*i - 9 = 61*i. Calculate the highest common divisor of i and 1.
1
Let s = 6 - -8. What is the greatest common divisor of s and 35?
7
Let a(m) = -m + 17. Let i be a(0). Calculate the greatest common factor of 85 and i.
17
Suppose 3*f - 8 = 7, -o - 2*f + 148 = 0. Calculate the greatest common divisor of 6 and o.
6
Suppose 3*m = 5*a - 0*m - 79, -2*a = 2*m - 22. What is the highest common factor of 42 and a?
14
Let q be ((2 - 72) + -2)/(5/(-20)). Calculate the greatest common factor of 32 and q.
32
Let h = -17 + 145. What is the greatest common factor of h and 16?
16
Suppose 36 = -14*o + 26*o. Let z = 1 + 0. What is the highest common divisor of z and o?
1
Let d be 204/17 - 0/(-1). What is the highest common factor of 30 and d?
6
Let w(m) = 3*m**2 + 0*m**3 + 3*m**2 + 8 - 5*m + m**3. Let q be w(-7). Let g be 43 + (-3)/q*2. Calculate the greatest common factor of g and 4.
4
Let u = 0 + 16. Suppose -3*w + 59 = -u. Calculate the greatest common divisor of w and 10.
5
Let f(q) = 18*q**2 - q + 3. Suppose -4*y = -0*y - 12. Let v be f(y). What is the greatest common factor of 18 and v?
18
Suppose 76*t = 79*t - 111. Calculate the highest common divisor of 74 and t.
37
Let z(u) = 96*u**2 + 2*u + 1. Suppose 0 = 2*k + 2. Let d be z(k). What is the highest common divisor of 19 and d?
19
Let y be (-13)/(-3) - (9 - (-145)/(-15)). What is the highest common factor of y and 3?
1
Let p(f) = -8*f - 1. Let o be p(-2). What is the greatest common divisor of o and 15?
15
Let h(i) = 11*i**2 + 2*i + 1. Let w(c) = -12*c**2 - 3*c - 2. Let q(s) = 4*h(s) + 3*w(s). Let l be q(2). What is the greatest common divisor of l and 7?
7
Let b = 8 - 3. Suppose 4*n - 3*n - b = 3*w, 5*w = n + 5. Let x(l) = l**3 + l**2 - 2*l + 8. Let k be x(0). Calculate the highest common divisor of k and n.
4
Let s be 71/3 - ((-6)/9)/(-1). Calculate the greatest common divisor of s and 207.
23
Let l be (-6)/(-2) + -2 + 16/1. What is the highest common factor of l and 119?
17
Suppose 21*q - 26 = 20*q. What is the highest common factor of q and 52?
26
Let g be ((-4)/(-4) - 0)*-19. Let a = 25 + g. Suppose -3*w + 48 = -w. Calculate the greatest common divisor of a and w.
6
Let b be 0 + -3 - -2 - -91. Suppose -4*o + 6 + 63 = -3*h, -3*o - 4*h = -58. What is the greatest common factor of b and o?
18
Let s(j) = j**2 - j + 4. Let v be s(2). Calculate the greatest common factor of 15 and v.
3
Let u(o) be the first derivative of -o**4/4 - 5*o**3/3 + 3*o + 1. Let x be u(-5). Calculate the greatest common divisor of x and 24.
3
Suppose -4*u = -4*m + 32, -5*u - 7 = 3*m - 55. What is the highest common divisor of 11 and m?
11
Suppose 196 = 5*o - l + 19, -3*o - l + 111 = 0. Calculate the highest common divisor of 12 and o.
12
Suppose 0 = -5*s + 185 + 775. Suppose 0*g + 3*g - s = 0. Calculate the highest common divisor of 16 and g.
16
Suppose 5*l + 7 - 27 = -4*d, 0 = d + 2*l - 5. Suppose 4*n = d*n - 32. What is the greatest common divisor of 4 and n?
4
Let o = 26 + -15. What is the highest common factor of 88 and o?
11
Suppose -2*r - 7 = 1. Let n = r - -9. Suppose 3*o - 25 = -n*l, 0 = -4*o + 7*l - 2*l + 80. Calculate the highest common factor of 45 and o.
15
Suppose -5 + 15 = -x. Let b = 15 + x. Let g be 5/(-1)*-1 - 0. Calculate the greatest common factor of g and b.
5
Suppose -2*v - 62 = -2*c, -c + 3*v = -24 - 17. Calculate the greatest common factor of c and 104.
26
Let f(w) = w + 2. Let v be f(-2). Suppose a - 4*i = -0*i, v = -3*a + 3*i. Suppose 3*s - 2*s - 16 = a. Calculate the greatest common factor of 16 and s.
16
Let i(d) = 2*d**2 - 15*d - 5. Let c be i(9). Calculate the highest common factor of c and 11.
11
Let d be ((-30)/18)/((-1)/9). What is the highest common divisor of d and 105?
15
Let u(p) = -p**3 + 12*p**2 + 15*p + 13. Let v(d) = d**2 + 1. Let c(q) = u(q) - 2*v(q). Let a be c(11). What is the highest common divisor of 5 and a?
5
Suppose 12 + 12 = 4*l. Suppose -l = -4*d + 2. Let z(q) = q**2 + 5*q - 14. Let x be z(-8). What is the greatest common divisor of d and x?
2
Let m = -11 + 45. What is the greatest common factor of 51 and m?
17
Let a = -122 - -246. Suppose -4*q + 9*q = -2*g + 78, 4*q - a = -3*g. Calculate the highest common factor of g and 4.
4
Suppose 5*v - 50 = 90. Let s = 32 + v. Calculate the greatest common factor of 24 and s.
12
Suppose 2*a - 2*z - 20 = 0, -2*z = -5 + 1. Calculate the highest common divisor of a and 6.
6
Let n = 2 - -1. Let x(h) = h**2 - n*h + 0*h**2 + 3 + 3*h**2 + h**3. Let b be x(3). Calculate the highest common factor of b and 38.
19
Let s(y) = -13*y - 6. Let x be s(-7). What is the greatest common divisor of 17 and x?
17
Let v be (11/(-2))/(16/(-544)). Suppose -7*s = -8*s + v. What is the highest common divisor of 17 and s?
17
Let n(a) = -4*a**3 + a**2 + a. Let k be n(-1). Let x be (-15)/6*8/(-10). Calculate the greatest common factor of k and x.
2
Suppose 0 = -5*h - 33 - 37. Let k = -6 - h. What is the highest common factor of 20 and k?
4
Let s = 76 + -73. What is the greatest common divisor of 3 and s?
3
Suppose 60 + 25 = 5*u. Calculate the greatest common divisor of 51 and u.
17
Suppose 3*c + 1 = 2*j, -2 + 0 = -4*c + 2*j. Let s = 46 - 22. What is the highest common divisor of c and s?
3
Let i = 34 - 26. What is the highest common divisor of i and 56?
8
Let n(i) = -i**3 - 5*i**2 - 5*i - 2. Let p be n(-4). Suppose -4*z + p*z + 72 = 0. What is the highest common factor of 12 and z?
12
Let j(l) = l**2 - 3*l + 1. Let v be j(4). Suppose -2*y + 18 = 3*n - v*n, -n = y - 11. Suppose 46 - y = 2*a. What is the highest common divisor of 90 and a?
18
Let b(z) = 3*z - 10. Let n be b(4). What is the greatest common divisor of 10 and n?
2
Suppose 0 = 3*c - 6*c - 54. Let z be (-96)/c*75/4. Calculate the highest common factor of z and 40.
20
Let f = -8 + 14. Calculate the greatest common divisor of f and 18.
6
Let u(t) = 15*t. Let z be u(-2). Let i be (-12)/z + (-23)/(-5). Let m(o) = -41*o**3 + 2*o + 1. Let b be m(-1). Calculate the highest common factor of b and i.
5
Let p(n) = 13*n**3 - n**2 + 1. Let g be p(1). Let x be 0 + 1*30 + 0. Let f be (-15)/(-3)*78/x. What is the highest common divisor of f and g?
13
Let z be 1 + (13 - 1)/3. Let h be -1 - -1 - (4 - 9). What is the highest common factor of z and h?
5
Let w(a) = a**2 - 23. Let o be w(10). Calculate the highest common divisor of o and 11.
11
Let b = -2 - -6. Suppose 5*u = c + b*u - 156, -c = 2*u - 150. What is the greatest common factor of 14 and c?
14
Let r = 123 + -106. Calculate the greatest common factor of 1 and r.
1
Let u be (126/35)/(2/5). Let v = -3 + u. Suppose s - 1 = 17. Calculate the highest common factor of v and s.
6
Suppose -2*h - 2*h - 5*c - 69 = 0, 3*h + 3*c = -54. Let r = h - -26. Calculate the greatest common divisor of 20 and r.
5
Let h be (6 - (-2 + 2)) + -3. Calculate the greatest common factor of h and 39.
3
Let m be (2*-1)/((-2)/6). Let b(x) = 3*x + 2. Let s be b(0). Calculate the highest common factor of s and m.
2
Let y = -2 - -7. Suppose 0 = y*s - 2*s - 492. Let o be s/14 + (-2)/(-7). What is the greatest common factor of 12 and o?
12
Let q(v) = -v**2 - 9*v + 13. Let w be q(-8). Calculate the greatest common factor of 147 and w.
21
Let z be 6/(-15) + 1048/20. Calculate the highest common divisor of 13 and z.
13
Let v be ((-2)/(-4))/((-8)/(-48)). Suppose 4*j = 5*l + 65, -2*l - 2 = -2*j + 26. Let q = l - -33. Calculate the greatest common factor of v and q.
3
Suppose -4*i - 4*n - 838 = -7*i, 0 = 4*i + n - 1149. What is the greatest common divisor of 26 and i?
26
Let h(v) = 38*v**2 - v + 1. Let p be h(1). Suppose 8*i - 2*n - 91 = 3*i, n = -2*i + 40. What is the greatest common divisor of i and p?
19
Let c be 6/3*(-30)/(-4). Let d be ((-2)/(-7))/((-8)/(-168)). Calculate the greatest common factor of c and d.
3
Suppose -o + 238 = -0*o. Suppose x + 104 = 2*j, -5*j + x - 4*x + o = 0. Suppose 6*s - j = s. What is the highest common divisor of 20 and s?
10
Let a be 0 + 1 - (-15 + 3). Let h = a + -7. Let x(c) = 5*c - 1. Let p be x(1). What is the highest common divisor of p and h?
2
Let x(n) = -n**3 - n**2 - n + 379. Let f be x(0). Let r = -206 + f. Let p = -38 + r. Calculate the highest common divisor of p and 15.
15
Let g(d) = d**2 - 4*d - 1. Let z be